. Let j(y) = 8*y + a + 2*y - 11*y. What is j(5)?
0
Let y be (-490)/(-105)*(-3)/(-2). Let i(q) = -q - 7. Determine i(y).
-14
Suppose -4*g = -0*g + 3*b - 67, 5*b = 3*g - 14. Let f(a) = 2*a - 18. Let d be f(g). Let c(l) = l**2 - 7*l + 8. Determine c(d).
16
Suppose 4*y + 13 + 7 = 0. Let b = -180 + 182. Let u(n) = -1 + n**b - n - 3 + 2 + 7*n. Determine u(y).
-7
Let p(x) = 5*x**3 - x + 6*x**2 - 3*x**2 + 0*x**2 - x**2. What is p(1)?
6
Let z = 16 - 14. Suppose 27 = -5*c - z*w + 3*w, 0 = -3*c - 4*w - 30. Let n(y) = -y**3 - 7*y**2 - 7*y + 3. Calculate n(c).
9
Let y(d) = 2 + 2*d**2 - 2*d**2 - 6 + d**2. Let x = -69 + 69. Let i be 4/1 - (0 - x). Calculate y(i).
12
Suppose 3*h - 12 + 0 = 0. Let z(g) = -70*g**2 - g + 69*g**2 + 7*g + h. Give z(5).
9
Let f(v) be the second derivative of -v**4/3 - v**3/3 - v**2/2 + 6*v - 5. Determine f(2).
-21
Let j be (1 + 1 - 2)/1. Let g(n) = j*n**2 + 3 + 3 - n - n**2 + 0. Calculate g(0).
6
Let m be (0 - (2 - 0))*-11. Suppose 3*o + m = 4*o. Let j(s) = 15 + o + 4*s - 36. What is j(-1)?
-3
Suppose -i + 3 = 0, 12 = -2*s + 5*s + 2*i. Suppose -42 = -8*o + s*o. Let f(c) = c - 4. Determine f(o).
3
Let u(y) = -3*y - 15. Let k be u(-6). Let t(h) = -k - 3*h - 1 + 0*h. What is t(3)?
-13
Let r be (15/(-6) - -1)/((-2)/(-4)). Let g(z) = -z**3 - 2*z**2 + 3*z + 3. Determine g(r).
3
Let a(m) = -11*m**2 + 10*m**2 - 5 - 15*m + 23*m + m**3 - 6*m**2. Calculate a(6).
7
Let j(f) = -4*f + 3*f - 3*f**2 + 3*f**2 - f**2 + 2*f**2. Determine j(3).
6
Suppose 2*p - 5*p = 0. Let w(u) = u + 1. Let s be w(p). Let j(k) be the first derivative of -2*k**4 - 2*k**3/3 + k + 1115. Give j(s).
-9
Suppose -3*k + k = 5*l - 33, 5*k - 3*l - 5 = 0. Let f be 2 - k/(16/36). Let s(z) = z**2 + 8*z - 4. Calculate s(f).
-11
Let d(a) = 10*a**2 + a - 1. Suppose 3*b - 135 = -2*b + 4*w, 4*w = 0. Suppose -25 + b = 2*o. Determine d(o).
10
Suppose -363 = 5*t - 63. Let p = t + 65. Let k(x) = 4*x**2 + 6*x + 9 - 5*x**2 - 2. Determine k(p).
12
Let a be (-4)/30 - (-2)/15. Let t(m) = -2*m**2 - 3*m + 3*m**2 - 3 + m + a*m**2. Let d be (5*-2*-1)/2. Give t(d).
12
Let p(c) = -c + 2. Suppose 28 = 2*j + 3*m, 2*j + m - 5 = 15. Let t = 2 - j. Determine p(t).
8
Let c be (2/(-4) - 2)*(-264)/220. Let g(b) = -b**2 + 5*b + b + 1 - 5 - 5*b. Give g(c).
-10
Let x(y) be the third derivative of -y**5/15 + 13*y**2 + 4. Give x(2).
-16
Let i(k) be the third derivative of k**7/840 - 5*k**4/24 - 2*k**3 - 10*k**2. Let c(h) be the first derivative of i(h). Calculate c(0).
-5
Let c(w) = -w + w - w**2 + 1. Suppose 0 = -2*s + 3*x + 25, 5*x - 149 + 174 = 0. What is c(s)?
-24
Let v be 1/1 - 11*(-3)/(-44). Let d(x) be the first derivative of 1 - v*x**4 + 7/3*x**3 + 5*x - 3*x**2. What is d(6)?
5
Let r be (126/(-28))/(10/(-8) + 2). Let w(u) be the first derivative of -1/2*u**2 + 2*u - 2. Calculate w(r).
8
Let t(f) = -f**3 + f**2 - f - 16. Let d(s) = s**3 - 13*s**2 + 36*s. Let b be d(4). Give t(b).
-16
Let i(t) be the third derivative of -t**4/12 - t**3/2 + 37*t**2. Determine i(-2).
1
Let v(w) be the third derivative of w**5/12 - w**4/24 + 8*w**3/3 - 35*w**2. Let u(a) = 11*a**2 - a + 33. Let d(z) = 6*u(z) - 13*v(z). Calculate d(-8).
-2
Let x = -2 + 4. Let v(t) = 4*t**3 - 17*t**2 - 9*t - 4. Let m(b) = 31*b**3 - 4*b + 4*b**2 + 1 - 32*b**3 + 6*b. Let z(i) = -9*m(i) - 2*v(i). Calculate z(x).
-1
Let b(u) = -5*u. Let d(h) = 6*h. Let l(q) = -7*b(q) - 6*d(q). What is l(-9)?
9
Let h(n) be the third derivative of -6*n**2 - 1/60*n**5 - 3/2*n**3 + 0 + 0*n + 1/3*n**4. What is h(7)?
-2
Let c(u) = 2*u**3 - 1 + 8*u**3 + 2 - 2*u. Let k = -476 - -477. Calculate c(k).
9
Let b(o) be the third derivative of 1/12*o**4 + 0 + 0*o + 42*o**2 - 1/6*o**3. Calculate b(1).
1
Let q(j) be the first derivative of 1/2*j**2 + 0*j**3 + 0*j + 1/4*j**4 - 1. Suppose 5*f = 7*g + 30, 0 = 3*f - 5*f + g + 3. Calculate q(f).
-2
Let p(m) = -m**2 - 3*m + 13. Let d be p(-6). Let j be (1/(-1) - d) + -10. Let k(q) = q + 2. Give k(j).
-4
Suppose -185 = -45*p + 85. Let v(f) = f - 8. What is v(p)?
-2
Let g(q) = 5*q**3 + 2*q - 823*q**2 + 819*q**2 - 2*q**3. Give g(2).
12
Let i(l) = -4*l + 2. Let r = -8 - -13. Let c = -332 + 336. Suppose 13 - r = c*w. Calculate i(w).
-6
Let b(v) be the first derivative of v**3/3 + 3*v**2 + 6*v + 2. Let l(h) = -2*h**2 - 19*h + 4. Let t be l(-10). Calculate b(t).
6
Let x be 8/(-10)*600/(-16). Suppose w = -4*w - x. Let h(g) = -g + 2*g + 0*g + 0*g. Give h(w).
-6
Let r(o) = -o + 11. Suppose -29*i + 10*i + 57 = 0. Calculate r(i).
8
Let j(y) = -5 + 1 + 2 + 2*y. Let q be (-36)/(-10) - (-9)/(-15). What is j(q)?
4
Let u(n) = -6*n + 3. Let a(k) = -k**2 - k. Let i(t) = 2*a(t) - u(t). Let x(s) = s**2 - 4*s + 4. Let z(y) = 3*i(y) + 4*x(y). Determine z(-5).
-23
Let w(p) be the first derivative of p**3/3 + p**2 - 9*p + 278. What is w(3)?
6
Let y(x) = -x + 6. Suppose 0 = -6*d + 12*d - 24. Let z(j) = j - 6. Let s(b) = d*y(b) + 5*z(b). Give s(5).
-1
Let m(h) = 9. Let o(b) = b - 8. Let l(f) = -3*f - 15. Let v be l(-7). Let g(c) = v*m(c) + 7*o(c). What is g(2)?
12
Let m = 17 + -11. Suppose 16 + 4 = -4*f - 2*d, 0 = 2*f - d + m. Let z(c) = 3*c - 3. Let i(t) = 4*t - 2. Let l(j) = 4*i(j) - 5*z(j). Give l(f).
3
Let p(x) = x**3 - 3*x**2 - x + 1. Let u = 103 + -170. Let q = -64 - u. Calculate p(q).
-2
Let s(l) be the first derivative of l**4/4 + l**3 - 2*l**2 + 4*l - 71. Calculate s(-4).
4
Let c(g) = -g**3 + 2*g**2 + 2. Suppose 2*s + 0*s = 20. Let v = -7 + s. Suppose d = 4*o - 5*o + v, d = -4*o + 3. Determine c(d).
-7
Let q(f) = -f**2 + 9*f + 23. Let v be q(11). Let l be v/2 + 3 + 65/(-10). Let t(s) = -s**3 - 3*s**2 - 4*s - 4. Give t(l).
8
Suppose 2*f + 6 = -4. Let c(g) = -2*g**2 - 2*g - 1. Let i(b) = b**2 - b + 3. Let d(a) = -c(a) - i(a). What is d(f)?
8
Let o(x) = 3*x**2 - 29*x - 35. Let d(f) = -7 + f**2 - 5 - 2*f - 8*f. Suppose -8 = b - 2. Let s(m) = b*o(m) + 17*d(m). Determine s(5).
1
Let m(q) be the second derivative of q**5/60 - q**4/4 + q**3/6 - 5*q**2 - q. Let s(a) be the first derivative of m(a). What is s(6)?
1
Let g(o) be the first derivative of -3*o**2/2 - 3*o + 172. Calculate g(4).
-15
Let s(n) = n**2 - 5*n - 6. Let b(m) = m**2 - 13*m - 63. Let i be b(-4). What is s(i)?
-6
Let c(q) = 5*q**2 - 15*q - 15. Let w(g) = g**2 - 2*g - 1. Let z(b) = c(b) - 4*w(b). Suppose 3*n - 5 = 3*t - 29, -4*t - 5*n = -32. What is z(t)?
-3
Let q(r) = -r**3 - 3*r**2 - 2*r + 1. Let t be (24/(-5))/(3/15). Let h = -26 - t. What is q(h)?
1
Suppose -20 = -4*f + 4*h, 7*f = 4*f - h + 11. Suppose 0 = -2*v + 4*r + 13 - 1, 0 = -f*v + 4*r + 16. Let j(c) = 2*c**3 - 4*c**2 + 2*c. Give j(v).
4
Let c = -43 + 46. Suppose -3*n - c = -21. Let t(q) = -q - 2. Give t(n).
-8
Let v(m) = 25*m**2 - m + 2. Let g be (-8 + 9)*(10 - 9). Give v(g).
26
Let w be -3 + 7 - -23 - 2. Let d = -24 + w. Let u(p) = 6*p - 4. Let j(f) = -1. Let z(i) = -3*j(i) + u(i). Determine z(d).
5
Let b(u) be the third derivative of u**6/120 + u**5/12 - u**4/24 - u**3 + 53*u**2 + 3. Calculate b(-5).
-1
Let w(t) = -17*t - 3. Let r(v) be the third derivative of 11*v**4/24 + v**3/3 + 8*v**2. Let h(i) = 8*r(i) + 5*w(i). Calculate h(-3).
-8
Let x be (-22)/99 + 20/9. Suppose -22 = -5*g + 3*k, 0*g - 4*k = x*g + 12. Let u(s) = 3*s**2 + g*s + s**2 + 1 - 3*s**2. What is u(-3)?
4
Suppose -4*b - b + 5*n + 30 = 0, b + 18 = -5*n. Let d(f) = -3*f - 2*f - f**2 - 1 + 2*f + b*f. Calculate d(-1).
-1
Suppose 0 = -8*u + 3*u + 10. Let i(d) = -u*d + d**3 - 92 + 91 - 6*d**2 - 6*d. Give i(7).
-8
Let b = 67 + -66. Let g(s) = -s - 4*s + 2*s. Give g(b).
-3
Let w(m) = m**3 + 8*m**2 - 8*m + 3. Let g(n) = -n**3 + 8*n**2 - 7*n - 9. Let a be g(7). What is w(a)?
-6
Let d be 36/(-44) + (384/66 - 6). Let q(c) = -5*c - 4. Determine q(d).
1
Let p(r) be the first derivative of r**4/4 + 5*r**3/3 + r**2 - 12*r + 783. Determine p(-5).
-22
Suppose 0 = -5*b + 10. Suppose b*o + 24 = -2*o. Let j(x) be the first derivative of -x**2 - 7*x - 80. Calculate j(o).
5
Let c(m) = -m + 1. Let o be c(-11). Let g = -11 + o. Let f(a) = -a**3 + 5*a**2 - 5*a - 2*a**3 + 4*a**3 + g + 1. Determine f(-6).
-4
Let h be (8 + 116/(-14))*-14. Let d(p) = -p**2 + 6*p - 3. Determine d(h).
5
Let c(s) be the first derivative of -s**4/4 + 6*s**3 - 8*s**2 - 158. What is c(17)?
17
Let s(l) = -3*l - 1. Let p(u) = 6*u + 1. Let r(c) = -2*p(c) - 5*s(c). Determine r(-2).
-3
Let w be (-6*1/2)/(-3). Let n = 19 + -14